{"id":6,"date":"2021-09-20T15:14:07","date_gmt":"2021-09-20T13:14:07","guid":{"rendered":"http:\/\/npdu.it\/?page_id=2"},"modified":"2023-10-23T10:58:23","modified_gmt":"2023-10-23T08:58:23","slug":"pagina-di-esempio","status":"publish","type":"page","link":"https:\/\/npdu.it\/?page_id=6","title":{"rendered":"Servizi per la connettivit\u00e0"},"content":{"rendered":"\n<p>Fornitura di prodotti e servizi a supporto della connettivit\u00e0 alla rete. Installazione e configurazione di infrastrutture e ponti radio, per permettere all\u2019utenza di accedere&nbsp; alla rete in modo pratico ed efficiente<\/p>\n\n\n\n<p>Oggi giorno , la capacit\u00e0 di scambiare una grande quantit\u00e0 di dati in rete in tempo reale \u00e8 basilare per ogni tipo di attivit\u00e0 e realt\u00e0.<\/p>\n\n\n\n<p><strong>XDSL<\/strong><\/p>\n\n\n\n<p>Xdsl \u00e8 l\u2019acronimo di Digital Subscriber Line con la X che fa riferimento alle tecnologie basate su questo specifico sistema come l\u2019Adsl. L\u2019Adsl infatti \u00e8 la trasmissione analogica di dati digitali utilizzando come mezzo la linea telefonica in rame. Le connessioni Xdsl si dividono tra asimmetriche (Adsl) e simmetriche (Idsl e Hdsl) laddove le prime offrono una velocit\u00e0 di download superiore rispetto a quella in upload. Le connessioni simmetriche invece permettono una connessione equilibrata tra dati in entrata e in uscita. Con il termine Xdsl ci si riferisce quindi a un termine generico che include tutti gli standard che prevedono la trasmissione dati sfruttando il sistema del Digital Subscriber Line, ovvero il famoso ultimo miglio della rete telefonica fissa. Questo tipo di connessione avviene tramite cavo, passando attraverso la centrale di commutazione pi\u00f9 vicina, fino alla sede dell\u2019utente (abitazione o azienda).<\/p>\n\n\n\n<p><strong>SHDSL<\/strong><\/p>\n\n\n\n<p>In telecomunicazioni Single-Pair High-speed digital subscriber line (SHDSL) \u00e8 una tecnologia di tipo Digital Subscriber Line (DSL), che fornisce una velocit\u00e0 di trasmissione simmetrica, a differenza della \u201ctradizionale\u201d connettivit\u00e0 ADSL, l\u2019SHDSL (Symmetric High-speed Digital Subscriber Line), garantisce banda simmetrica, ossia la stessa velocit\u00e0 sia in download che in upload. L\u2019SHDSL fornisce prestazioni elevate e tempi di latenza minimi, divenendo cos\u00ec, in assenza di copertura in fibra ottica, la connettivit\u00e0 pi\u00f9 adeguata per un utilizzo in ambito professionale.<\/p>\n\n\n\n<p><strong>FTTH e Fibra Dedicata<\/strong><\/p>\n\n\n\n<p>La connessione in fibra ottica \u00e8 attualmente la soluzione pi\u00f9 performante disponibile sul mercato a livello di connettivit\u00e0 seppur ancora non presente in molte zone d\u2019Italia.<\/p>\n\n\n\n<p>\u2022 FTTH (Fiber To The Home): la fibra arriva, sempre se possibile, direttamente presso la sede dell\u2019azienda, garantendo latenze bassissime e continuit\u00e0 di servizio elevate.<\/p>\n\n\n\n<p>\u2022 Fibra dedicata: rappresenta la possibilit\u00e0 di installare un collegamento unico e specifico solo per l\u2019azienda creando una connessione diretta Point to Point, portando cos\u00ec l\u2019esperienza di navigazione, scambio dati, voIP ecc, ai massimi livelli.<\/p>\n\n\n\n<p><strong>Wireless<\/strong><\/p>\n\n\n\n<p>Attraverso la tecnologia Wireless siamo in grado di portare la connettivit\u00e0 Internet veloce a banda larga in tutte le zone coperte dal segnale senza la necessit\u00e0 di un collegamento telefonico tradizionale. Grazie a questa tecnologia la connettivit\u00e0 Internet veloce \u00e8 disponibile anche in zone non coperte dai servizi terrestri tradizionali quali xDSL o fibra ottica.<\/p>\n","protected":false},"excerpt":{"rendered":"<p>Fornitura di prodotti e servizi a supporto della connettivit\u00e0 alla rete. Installazione e configurazione di infrastrutture e ponti radio, per [&hellip;]<\/p>\n","protected":false},"author":3,"featured_media":0,"parent":0,"menu_order":0,"comment_status":"closed","ping_status":"closed","template":"","meta":{"footnotes":""},"class_list":["post-6","page","type-page","status-publish","hentry"],"yoast_head":"<!-- This site is optimized with the Yoast SEO plugin v23.0 - https:\/\/yoast.com\/wordpress\/plugins\/seo\/ -->\n<title>Servizi per la connettivit\u00e0 - New Projects for Data Usage s.r.l.<\/title>\n<meta name=\"robots\" content=\"index, follow, max-snippet:-1, max-image-preview:large, max-video-preview:-1\" \/>\n<link rel=\"canonical\" href=\"https:\/\/npdu.it\/?page_id=6\" \/>\n<meta property=\"og:locale\" content=\"it_IT\" \/>\n<meta property=\"og:type\" content=\"article\" \/>\n<meta property=\"og:title\" content=\"Servizi per la connettivit\u00e0 - New Projects for Data Usage s.r.l.\" \/>\n<meta property=\"og:description\" content=\"Fornitura di prodotti e servizi a supporto della connettivit\u00e0 alla rete. Installazione e configurazione di infrastrutture e ponti radio, per [&hellip;]\" \/>\n<meta property=\"og:url\" content=\"https:\/\/npdu.it\/?page_id=6\" \/>\n<meta property=\"og:site_name\" content=\"New Projects for Data Usage s.r.l.\" \/>\n<meta property=\"article:modified_time\" content=\"2023-10-23T08:58:23+00:00\" \/>\n<meta name=\"twitter:card\" content=\"summary_large_image\" \/>\n<meta name=\"twitter:label1\" content=\"Tempo di lettura stimato\" \/>\n\t<meta name=\"twitter:data1\" content=\"3 minuti\" \/>\n<script type=\"application\/ld+json\" class=\"yoast-schema-graph\">{\"@context\":\"https:\/\/schema.org\",\"@graph\":[{\"@type\":\"WebPage\",\"@id\":\"https:\/\/npdu.it\/?page_id=6\",\"url\":\"https:\/\/npdu.it\/?page_id=6\",\"name\":\"Servizi per la connettivit\u00e0 - New Projects for Data Usage s.r.l.\",\"isPartOf\":{\"@id\":\"https:\/\/npdu.it\/#website\"},\"datePublished\":\"2021-09-20T13:14:07+00:00\",\"dateModified\":\"2023-10-23T08:58:23+00:00\",\"breadcrumb\":{\"@id\":\"https:\/\/npdu.it\/?page_id=6#breadcrumb\"},\"inLanguage\":\"it-IT\",\"potentialAction\":[{\"@type\":\"ReadAction\",\"target\":[\"https:\/\/npdu.it\/?page_id=6\"]}]},{\"@type\":\"BreadcrumbList\",\"@id\":\"https:\/\/npdu.it\/?page_id=6#breadcrumb\",\"itemListElement\":[{\"@type\":\"ListItem\",\"position\":1,\"name\":\"Home\",\"item\":\"https:\/\/npdu.it\/\"},{\"@type\":\"ListItem\",\"position\":2,\"name\":\"Servizi per la connettivit\u00e0\"}]},{\"@type\":\"WebSite\",\"@id\":\"https:\/\/npdu.it\/#website\",\"url\":\"https:\/\/npdu.it\/\",\"name\":\"New Projects for Data Usage s.r.l.\",\"description\":\"\",\"publisher\":{\"@id\":\"https:\/\/npdu.it\/#organization\"},\"potentialAction\":[{\"@type\":\"SearchAction\",\"target\":{\"@type\":\"EntryPoint\",\"urlTemplate\":\"https:\/\/npdu.it\/?s={search_term_string}\"},\"query-input\":\"required name=search_term_string\"}],\"inLanguage\":\"it-IT\"},{\"@type\":\"Organization\",\"@id\":\"https:\/\/npdu.it\/#organization\",\"name\":\"New Projects for Data Usage s.r.l.\",\"url\":\"https:\/\/npdu.it\/\",\"logo\":{\"@type\":\"ImageObject\",\"inLanguage\":\"it-IT\",\"@id\":\"https:\/\/npdu.it\/#\/schema\/logo\/image\/\",\"url\":\"https:\/\/npdu.it\/wp-content\/uploads\/2021\/09\/cropped-logo_npdu_piccolo-1-e1632993580563-1.gif\",\"contentUrl\":\"https:\/\/npdu.it\/wp-content\/uploads\/2021\/09\/cropped-logo_npdu_piccolo-1-e1632993580563-1.gif\",\"width\":95,\"height\":95,\"caption\":\"New Projects for Data Usage s.r.l.\"},\"image\":{\"@id\":\"https:\/\/npdu.it\/#\/schema\/logo\/image\/\"}}]}<\/script>\n<!-- \/ Yoast SEO plugin. -->","yoast_head_json":{"title":"Servizi per la connettivit\u00e0 - New Projects for Data Usage s.r.l.","robots":{"index":"index","follow":"follow","max-snippet":"max-snippet:-1","max-image-preview":"max-image-preview:large","max-video-preview":"max-video-preview:-1"},"canonical":"https:\/\/npdu.it\/?page_id=6","og_locale":"it_IT","og_type":"article","og_title":"Servizi per la connettivit\u00e0 - New Projects for Data Usage s.r.l.","og_description":"Fornitura di prodotti e servizi a supporto della connettivit\u00e0 alla rete. Installazione e configurazione di infrastrutture e ponti radio, per [&hellip;]","og_url":"https:\/\/npdu.it\/?page_id=6","og_site_name":"New Projects for Data Usage s.r.l.","article_modified_time":"2023-10-23T08:58:23+00:00","twitter_card":"summary_large_image","twitter_misc":{"Tempo di lettura stimato":"3 minuti"},"schema":{"@context":"https:\/\/schema.org","@graph":[{"@type":"WebPage","@id":"https:\/\/npdu.it\/?page_id=6","url":"https:\/\/npdu.it\/?page_id=6","name":"Servizi per la connettivit\u00e0 - New Projects for Data Usage s.r.l.","isPartOf":{"@id":"https:\/\/npdu.it\/#website"},"datePublished":"2021-09-20T13:14:07+00:00","dateModified":"2023-10-23T08:58:23+00:00","breadcrumb":{"@id":"https:\/\/npdu.it\/?page_id=6#breadcrumb"},"inLanguage":"it-IT","potentialAction":[{"@type":"ReadAction","target":["https:\/\/npdu.it\/?page_id=6"]}]},{"@type":"BreadcrumbList","@id":"https:\/\/npdu.it\/?page_id=6#breadcrumb","itemListElement":[{"@type":"ListItem","position":1,"name":"Home","item":"https:\/\/npdu.it\/"},{"@type":"ListItem","position":2,"name":"Servizi per la connettivit\u00e0"}]},{"@type":"WebSite","@id":"https:\/\/npdu.it\/#website","url":"https:\/\/npdu.it\/","name":"New Projects for Data Usage s.r.l.","description":"","publisher":{"@id":"https:\/\/npdu.it\/#organization"},"potentialAction":[{"@type":"SearchAction","target":{"@type":"EntryPoint","urlTemplate":"https:\/\/npdu.it\/?s={search_term_string}"},"query-input":"required name=search_term_string"}],"inLanguage":"it-IT"},{"@type":"Organization","@id":"https:\/\/npdu.it\/#organization","name":"New Projects for Data Usage s.r.l.","url":"https:\/\/npdu.it\/","logo":{"@type":"ImageObject","inLanguage":"it-IT","@id":"https:\/\/npdu.it\/#\/schema\/logo\/image\/","url":"https:\/\/npdu.it\/wp-content\/uploads\/2021\/09\/cropped-logo_npdu_piccolo-1-e1632993580563-1.gif","contentUrl":"https:\/\/npdu.it\/wp-content\/uploads\/2021\/09\/cropped-logo_npdu_piccolo-1-e1632993580563-1.gif","width":95,"height":95,"caption":"New Projects for Data Usage s.r.l."},"image":{"@id":"https:\/\/npdu.it\/#\/schema\/logo\/image\/"}}]}},"_links":{"self":[{"href":"https:\/\/npdu.it\/index.php?rest_route=\/wp\/v2\/pages\/6","targetHints":{"allow":["GET"]}}],"collection":[{"href":"https:\/\/npdu.it\/index.php?rest_route=\/wp\/v2\/pages"}],"about":[{"href":"https:\/\/npdu.it\/index.php?rest_route=\/wp\/v2\/types\/page"}],"author":[{"embeddable":true,"href":"https:\/\/npdu.it\/index.php?rest_route=\/wp\/v2\/users\/3"}],"replies":[{"embeddable":true,"href":"https:\/\/npdu.it\/index.php?rest_route=%2Fwp%2Fv2%2Fcomments&post=6"}],"version-history":[{"count":2,"href":"https:\/\/npdu.it\/index.php?rest_route=\/wp\/v2\/pages\/6\/revisions"}],"predecessor-version":[{"id":2049,"href":"https:\/\/npdu.it\/index.php?rest_route=\/wp\/v2\/pages\/6\/revisions\/2049"}],"wp:attachment":[{"href":"https:\/\/npdu.it\/index.php?rest_route=%2Fwp%2Fv2%2Fmedia&parent=6"}],"curies":[{"name":"wp","href":"https:\/\/api.w.org\/{rel}","templated":true}]}}